{"id":4459,"date":"2017-01-04T13:37:33","date_gmt":"2017-01-04T13:37:33","guid":{"rendered":"https:\/\/associationfiat.com\/?post_type=product&#038;p=4459"},"modified":"2017-01-05T09:19:40","modified_gmt":"2017-01-05T09:19:40","slug":"el-cristiano-en-el-umbral-de-los-nuevos-tiempos-cardenal-suenens","status":"publish","type":"product","link":"https:\/\/associationfiat.com\/es\/producto\/el-cristiano-en-el-umbral-de-los-nuevos-tiempos-cardenal-suenens\/","title":{"rendered":"El Cristiano en el umbral de los nuevos tiempos &#8211; Cardenal Suenens"},"content":{"rendered":"<p>El cardenal Suenens fue madurando el proyecto de componer una especie de vadem\u00e9cum para el cristiano en camino hacia el ano 2000. Pesaba en una especie de gu\u00eda, que pudiera tenerse al alcance de la mano para los tres anos preparatorios del aniversario del Nacimiento de Cristo.<\/p>\n<p>El esquema estaba claro: para \u00e9l, la vida cristiana brota de la Sant\u00edsima Trinidad, el cristiano es hermano de Jesus, esta animado por el Esp\u00edritu Santo y es hijo del Padre. Por eso el camino a seguir le parec\u00eda evidente: el cristiano, en union con Maria, sigue a Jesus, vive del Esp\u00edritu Santo y esta en camino hacia el Padre.<\/p>\n<p>&nbsp;<\/p>\n<p>152 p.<br \/>\nISBN: 84-7050-555-6<\/p>\n","protected":false},"excerpt":{"rendered":"<p>El cardenal Suenens fue madurando el proyecto de componer una especie de vadem\u00e9cum para el cristiano en camino hacia el ano 2000. Pesaba en una especie de gu\u00eda, que pudiera tenerse al alcance de la mano para los tres anos preparatorios del aniversario del Nacimiento [&hellip;]<\/p>\n","protected":false},"featured_media":4467,"template":"","meta":{"_acf_changed":false},"product_brand":[],"product_cat":[39],"product_tag":[],"class_list":{"0":"post-4459","1":"product","2":"type-product","3":"status-publish","4":"has-post-thumbnail","6":"product_cat-libros","8":"first","9":"instock","10":"shipping-taxable","11":"purchasable","12":"product-type-simple"},"acf":[],"yoast_head":"<!-- This site is optimized with the Yoast SEO plugin v27.5 - https:\/\/yoast.com\/product\/yoast-seo-wordpress\/ -->\n<title>El Cristiano en el umbral de los nuevos tiempos - Cardenal Suenens - Association FIAT<\/title>\n<meta name=\"robots\" content=\"index, follow, max-snippet:-1, max-image-preview:large, max-video-preview:-1\" \/>\n<link rel=\"canonical\" href=\"https:\/\/associationfiat.com\/es\/producto\/el-cristiano-en-el-umbral-de-los-nuevos-tiempos-cardenal-suenens\/\" \/>\n<meta property=\"og:locale\" content=\"es_ES\" \/>\n<meta property=\"og:type\" content=\"article\" \/>\n<meta property=\"og:title\" content=\"El Cristiano en el umbral de los nuevos tiempos - Cardenal Suenens - Association FIAT\" \/>\n<meta property=\"og:description\" content=\"El cardenal Suenens fue madurando el proyecto de componer una especie de vadem\u00e9cum para el cristiano en camino hacia el ano 2000. Pesaba en una especie de gu\u00eda, que pudiera tenerse al alcance de la mano para los tres anos preparatorios del aniversario del Nacimiento [&hellip;]\" \/>\n<meta property=\"og:url\" content=\"https:\/\/associationfiat.com\/es\/producto\/el-cristiano-en-el-umbral-de-los-nuevos-tiempos-cardenal-suenens\/\" \/>\n<meta property=\"og:site_name\" content=\"Association FIAT\" \/>\n<meta property=\"article:modified_time\" content=\"2017-01-05T09:19:40+00:00\" \/>\n<meta property=\"og:image\" content=\"https:\/\/associationfiat.com\/wp-content\/uploads\/2017\/01\/El-Cristiano-en-el-umbral-de-los-nuevos-tiempos.png\" \/>\n\t<meta property=\"og:image:width\" content=\"450\" \/>\n\t<meta property=\"og:image:height\" content=\"450\" \/>\n\t<meta property=\"og:image:type\" content=\"image\/png\" \/>\n<meta name=\"twitter:card\" content=\"summary_large_image\" \/>\n<meta name=\"twitter:label1\" content=\"Tiempo de lectura\" \/>\n\t<meta name=\"twitter:data1\" content=\"1 minute\" \/>\n<script type=\"application\/ld+json\" class=\"yoast-schema-graph\">{\"@context\":\"https:\\\/\\\/schema.org\",\"@graph\":[{\"@type\":\"WebPage\",\"@id\":\"https:\\\/\\\/associationfiat.com\\\/es\\\/producto\\\/el-cristiano-en-el-umbral-de-los-nuevos-tiempos-cardenal-suenens\\\/\",\"url\":\"https:\\\/\\\/associationfiat.com\\\/es\\\/producto\\\/el-cristiano-en-el-umbral-de-los-nuevos-tiempos-cardenal-suenens\\\/\",\"name\":\"El Cristiano en el umbral de los nuevos tiempos - Cardenal Suenens - Association FIAT\",\"isPartOf\":{\"@id\":\"https:\\\/\\\/associationfiat.com\\\/#website\"},\"primaryImageOfPage\":{\"@id\":\"https:\\\/\\\/associationfiat.com\\\/es\\\/producto\\\/el-cristiano-en-el-umbral-de-los-nuevos-tiempos-cardenal-suenens\\\/#primaryimage\"},\"image\":{\"@id\":\"https:\\\/\\\/associationfiat.com\\\/es\\\/producto\\\/el-cristiano-en-el-umbral-de-los-nuevos-tiempos-cardenal-suenens\\\/#primaryimage\"},\"thumbnailUrl\":\"https:\\\/\\\/associationfiat.com\\\/wp-content\\\/uploads\\\/2017\\\/01\\\/El-Cristiano-en-el-umbral-de-los-nuevos-tiempos.png\",\"datePublished\":\"2017-01-04T13:37:33+00:00\",\"dateModified\":\"2017-01-05T09:19:40+00:00\",\"breadcrumb\":{\"@id\":\"https:\\\/\\\/associationfiat.com\\\/es\\\/producto\\\/el-cristiano-en-el-umbral-de-los-nuevos-tiempos-cardenal-suenens\\\/#breadcrumb\"},\"inLanguage\":\"es-ES\",\"potentialAction\":[{\"@type\":\"ReadAction\",\"target\":[\"https:\\\/\\\/associationfiat.com\\\/es\\\/producto\\\/el-cristiano-en-el-umbral-de-los-nuevos-tiempos-cardenal-suenens\\\/\"]}]},{\"@type\":\"ImageObject\",\"inLanguage\":\"es-ES\",\"@id\":\"https:\\\/\\\/associationfiat.com\\\/es\\\/producto\\\/el-cristiano-en-el-umbral-de-los-nuevos-tiempos-cardenal-suenens\\\/#primaryimage\",\"url\":\"https:\\\/\\\/associationfiat.com\\\/wp-content\\\/uploads\\\/2017\\\/01\\\/El-Cristiano-en-el-umbral-de-los-nuevos-tiempos.png\",\"contentUrl\":\"https:\\\/\\\/associationfiat.com\\\/wp-content\\\/uploads\\\/2017\\\/01\\\/El-Cristiano-en-el-umbral-de-los-nuevos-tiempos.png\",\"width\":450,\"height\":450},{\"@type\":\"BreadcrumbList\",\"@id\":\"https:\\\/\\\/associationfiat.com\\\/es\\\/producto\\\/el-cristiano-en-el-umbral-de-los-nuevos-tiempos-cardenal-suenens\\\/#breadcrumb\",\"itemListElement\":[{\"@type\":\"ListItem\",\"position\":1,\"name\":\"Home\",\"item\":\"https:\\\/\\\/associationfiat.com\\\/\"},{\"@type\":\"ListItem\",\"position\":2,\"name\":\"Tienda\",\"item\":\"https:\\\/\\\/associationfiat.com\\\/es\\\/tienda\\\/\"},{\"@type\":\"ListItem\",\"position\":3,\"name\":\"El Cristiano en el umbral de los nuevos tiempos &#8211; Cardenal Suenens\"}]},{\"@type\":\"WebSite\",\"@id\":\"https:\\\/\\\/associationfiat.com\\\/#website\",\"url\":\"https:\\\/\\\/associationfiat.com\\\/\",\"name\":\"Association FIAT\",\"description\":\"\",\"potentialAction\":[{\"@type\":\"SearchAction\",\"target\":{\"@type\":\"EntryPoint\",\"urlTemplate\":\"https:\\\/\\\/associationfiat.com\\\/?s={search_term_string}\"},\"query-input\":{\"@type\":\"PropertyValueSpecification\",\"valueRequired\":true,\"valueName\":\"search_term_string\"}}],\"inLanguage\":\"es-ES\"}]}<\/script>\n<!-- \/ Yoast SEO plugin. -->","yoast_head_json":{"title":"El Cristiano en el umbral de los nuevos tiempos - Cardenal Suenens - Association FIAT","robots":{"index":"index","follow":"follow","max-snippet":"max-snippet:-1","max-image-preview":"max-image-preview:large","max-video-preview":"max-video-preview:-1"},"canonical":"https:\/\/associationfiat.com\/es\/producto\/el-cristiano-en-el-umbral-de-los-nuevos-tiempos-cardenal-suenens\/","og_locale":"es_ES","og_type":"article","og_title":"El Cristiano en el umbral de los nuevos tiempos - Cardenal Suenens - Association FIAT","og_description":"El cardenal Suenens fue madurando el proyecto de componer una especie de vadem\u00e9cum para el cristiano en camino hacia el ano 2000. Pesaba en una especie de gu\u00eda, que pudiera tenerse al alcance de la mano para los tres anos preparatorios del aniversario del Nacimiento [&hellip;]","og_url":"https:\/\/associationfiat.com\/es\/producto\/el-cristiano-en-el-umbral-de-los-nuevos-tiempos-cardenal-suenens\/","og_site_name":"Association FIAT","article_modified_time":"2017-01-05T09:19:40+00:00","og_image":[{"width":450,"height":450,"url":"https:\/\/associationfiat.com\/wp-content\/uploads\/2017\/01\/El-Cristiano-en-el-umbral-de-los-nuevos-tiempos.png","type":"image\/png"}],"twitter_card":"summary_large_image","twitter_misc":{"Tiempo de lectura":"1 minute"},"schema":{"@context":"https:\/\/schema.org","@graph":[{"@type":"WebPage","@id":"https:\/\/associationfiat.com\/es\/producto\/el-cristiano-en-el-umbral-de-los-nuevos-tiempos-cardenal-suenens\/","url":"https:\/\/associationfiat.com\/es\/producto\/el-cristiano-en-el-umbral-de-los-nuevos-tiempos-cardenal-suenens\/","name":"El Cristiano en el umbral de los nuevos tiempos - Cardenal Suenens - Association FIAT","isPartOf":{"@id":"https:\/\/associationfiat.com\/#website"},"primaryImageOfPage":{"@id":"https:\/\/associationfiat.com\/es\/producto\/el-cristiano-en-el-umbral-de-los-nuevos-tiempos-cardenal-suenens\/#primaryimage"},"image":{"@id":"https:\/\/associationfiat.com\/es\/producto\/el-cristiano-en-el-umbral-de-los-nuevos-tiempos-cardenal-suenens\/#primaryimage"},"thumbnailUrl":"https:\/\/associationfiat.com\/wp-content\/uploads\/2017\/01\/El-Cristiano-en-el-umbral-de-los-nuevos-tiempos.png","datePublished":"2017-01-04T13:37:33+00:00","dateModified":"2017-01-05T09:19:40+00:00","breadcrumb":{"@id":"https:\/\/associationfiat.com\/es\/producto\/el-cristiano-en-el-umbral-de-los-nuevos-tiempos-cardenal-suenens\/#breadcrumb"},"inLanguage":"es-ES","potentialAction":[{"@type":"ReadAction","target":["https:\/\/associationfiat.com\/es\/producto\/el-cristiano-en-el-umbral-de-los-nuevos-tiempos-cardenal-suenens\/"]}]},{"@type":"ImageObject","inLanguage":"es-ES","@id":"https:\/\/associationfiat.com\/es\/producto\/el-cristiano-en-el-umbral-de-los-nuevos-tiempos-cardenal-suenens\/#primaryimage","url":"https:\/\/associationfiat.com\/wp-content\/uploads\/2017\/01\/El-Cristiano-en-el-umbral-de-los-nuevos-tiempos.png","contentUrl":"https:\/\/associationfiat.com\/wp-content\/uploads\/2017\/01\/El-Cristiano-en-el-umbral-de-los-nuevos-tiempos.png","width":450,"height":450},{"@type":"BreadcrumbList","@id":"https:\/\/associationfiat.com\/es\/producto\/el-cristiano-en-el-umbral-de-los-nuevos-tiempos-cardenal-suenens\/#breadcrumb","itemListElement":[{"@type":"ListItem","position":1,"name":"Home","item":"https:\/\/associationfiat.com\/"},{"@type":"ListItem","position":2,"name":"Tienda","item":"https:\/\/associationfiat.com\/es\/tienda\/"},{"@type":"ListItem","position":3,"name":"El Cristiano en el umbral de los nuevos tiempos &#8211; Cardenal Suenens"}]},{"@type":"WebSite","@id":"https:\/\/associationfiat.com\/#website","url":"https:\/\/associationfiat.com\/","name":"Association FIAT","description":"","potentialAction":[{"@type":"SearchAction","target":{"@type":"EntryPoint","urlTemplate":"https:\/\/associationfiat.com\/?s={search_term_string}"},"query-input":{"@type":"PropertyValueSpecification","valueRequired":true,"valueName":"search_term_string"}}],"inLanguage":"es-ES"}]}},"_links":{"self":[{"href":"https:\/\/associationfiat.com\/es\/wp-json\/wp\/v2\/product\/4459","targetHints":{"allow":["GET"]}}],"collection":[{"href":"https:\/\/associationfiat.com\/es\/wp-json\/wp\/v2\/product"}],"about":[{"href":"https:\/\/associationfiat.com\/es\/wp-json\/wp\/v2\/types\/product"}],"wp:featuredmedia":[{"embeddable":true,"href":"https:\/\/associationfiat.com\/es\/wp-json\/wp\/v2\/media\/4467"}],"wp:attachment":[{"href":"https:\/\/associationfiat.com\/es\/wp-json\/wp\/v2\/media?parent=4459"}],"wp:term":[{"taxonomy":"product_brand","embeddable":true,"href":"https:\/\/associationfiat.com\/es\/wp-json\/wp\/v2\/product_brand?post=4459"},{"taxonomy":"product_cat","embeddable":true,"href":"https:\/\/associationfiat.com\/es\/wp-json\/wp\/v2\/product_cat?post=4459"},{"taxonomy":"product_tag","embeddable":true,"href":"https:\/\/associationfiat.com\/es\/wp-json\/wp\/v2\/product_tag?post=4459"}],"curies":[{"name":"wp","href":"https:\/\/api.w.org\/{rel}","templated":true}]}}

<p>El cardenal Suenens fue madurando el proyecto de componer una especie de vademécum para el cristiano en camino hacia el ano 2000. Pesaba en una especie de guía, que pudiera tenerse al alcance de la mano para los tres anos preparatorios del aniversario del Nacimiento de Cristo.</p>
<p>El esquema estaba claro: para él, la vida cristiana brota de la Santísima Trinidad, el cristiano es hermano de Jesus, esta animado por el Espíritu Santo y es hijo del Padre. Por eso el camino a seguir le parecía evidente: el cristiano, en union con Maria, sigue a Jesus, vive del Espíritu Santo y esta en camino hacia el Padre.</p>
<p>&nbsp;</p>
<p>152 p.<br />
ISBN: 84-7050-555-6</p>

<p>El cardenal Suenens fue madurando el proyecto de componer una especie de vademécum para el cristiano en camino hacia el ano 2000. Pesaba en una especie de guía, que pudiera tenerse al alcance de la mano para los tres anos preparatorios del aniversario del Nacimiento [&hellip;]</p>

<!-- This site is optimized with the Yoast SEO plugin v27.5 - https://yoast.com/product/yoast-seo-wordpress/ -->
<title>El Cristiano en el umbral de los nuevos tiempos - Cardenal Suenens - Association FIAT</title>
<meta name="robots" content="index, follow, max-snippet:-1, max-image-preview:large, max-video-preview:-1" />
<link rel="canonical" href="https://associationfiat.com/es/producto/el-cristiano-en-el-umbral-de-los-nuevos-tiempos-cardenal-suenens/" />
<meta property="og:locale" content="es_ES" />
<meta property="og:type" content="article" />
<meta property="og:title" content="El Cristiano en el umbral de los nuevos tiempos - Cardenal Suenens - Association FIAT" />
<meta property="og:description" content="El cardenal Suenens fue madurando el proyecto de componer una especie de vademécum para el cristiano en camino hacia el ano 2000. Pesaba en una especie de guía, que pudiera tenerse al alcance de la mano para los tres anos preparatorios del aniversario del Nacimiento [&hellip;]" />
<meta property="og:url" content="https://associationfiat.com/es/producto/el-cristiano-en-el-umbral-de-los-nuevos-tiempos-cardenal-suenens/" />
<meta property="og:site_name" content="Association FIAT" />
<meta property="article:modified_time" content="2017-01-05T09:19:40+00:00" />
<meta property="og:image" content="https://associationfiat.com/wp-content/uploads/2017/01/El-Cristiano-en-el-umbral-de-los-nuevos-tiempos.png" />
	<meta property="og:image:width" content="450" />
	<meta property="og:image:height" content="450" />
	<meta property="og:image:type" content="image/png" />
<meta name="twitter:card" content="summary_large_image" />
<meta name="twitter:label1" content="Tiempo de lectura" />
	<meta name="twitter:data1" content="1 minute" />
<script type="application/ld+json" class="yoast-schema-graph">{"@context":"https:\/\/schema.org","@graph":[{"@type":"WebPage","@id":"https:\/\/associationfiat.com\/es\/producto\/el-cristiano-en-el-umbral-de-los-nuevos-tiempos-cardenal-suenens\/","url":"https:\/\/associationfiat.com\/es\/producto\/el-cristiano-en-el-umbral-de-los-nuevos-tiempos-cardenal-suenens\/","name":"El Cristiano en el umbral de los nuevos tiempos - Cardenal Suenens - Association FIAT","isPartOf":{"@id":"https:\/\/associationfiat.com\/#website"},"primaryImageOfPage":{"@id":"https:\/\/associationfiat.com\/es\/producto\/el-cristiano-en-el-umbral-de-los-nuevos-tiempos-cardenal-suenens\/#primaryimage"},"image":{"@id":"https:\/\/associationfiat.com\/es\/producto\/el-cristiano-en-el-umbral-de-los-nuevos-tiempos-cardenal-suenens\/#primaryimage"},"thumbnailUrl":"https:\/\/associationfiat.com\/wp-content\/uploads\/2017\/01\/El-Cristiano-en-el-umbral-de-los-nuevos-tiempos.png","datePublished":"2017-01-04T13:37:33+00:00","dateModified":"2017-01-05T09:19:40+00:00","breadcrumb":{"@id":"https:\/\/associationfiat.com\/es\/producto\/el-cristiano-en-el-umbral-de-los-nuevos-tiempos-cardenal-suenens\/#breadcrumb"},"inLanguage":"es-ES","potentialAction":[{"@type":"ReadAction","target":["https:\/\/associationfiat.com\/es\/producto\/el-cristiano-en-el-umbral-de-los-nuevos-tiempos-cardenal-suenens\/"]}]},{"@type":"ImageObject","inLanguage":"es-ES","@id":"https:\/\/associationfiat.com\/es\/producto\/el-cristiano-en-el-umbral-de-los-nuevos-tiempos-cardenal-suenens\/#primaryimage","url":"https:\/\/associationfiat.com\/wp-content\/uploads\/2017\/01\/El-Cristiano-en-el-umbral-de-los-nuevos-tiempos.png","contentUrl":"https:\/\/associationfiat.com\/wp-content\/uploads\/2017\/01\/El-Cristiano-en-el-umbral-de-los-nuevos-tiempos.png","width":450,"height":450},{"@type":"BreadcrumbList","@id":"https:\/\/associationfiat.com\/es\/producto\/el-cristiano-en-el-umbral-de-los-nuevos-tiempos-cardenal-suenens\/#breadcrumb","itemListElement":[{"@type":"ListItem","position":1,"name":"Home","item":"https:\/\/associationfiat.com\/"},{"@type":"ListItem","position":2,"name":"Tienda","item":"https:\/\/associationfiat.com\/es\/tienda\/"},{"@type":"ListItem","position":3,"name":"El Cristiano en el umbral de los nuevos tiempos &#8211; Cardenal Suenens"}]},{"@type":"WebSite","@id":"https:\/\/associationfiat.com\/#website","url":"https:\/\/associationfiat.com\/","name":"Association FIAT","description":"","potentialAction":[{"@type":"SearchAction","target":{"@type":"EntryPoint","urlTemplate":"https:\/\/associationfiat.com\/?s={search_term_string}"},"query-input":{"@type":"PropertyValueSpecification","valueRequired":true,"valueName":"search_term_string"}}],"inLanguage":"es-ES"}]}</script>
<!-- / Yoast SEO plugin. -->

El cardenal Suenens fue madurando el proyecto de componer una especie de vademécum para el cristiano en camino hacia el ano 2000. Pesaba en una especie de guía, que pudiera tenerse al alcance de la mano para los tres anos preparatorios del aniversario del Nacimiento [&hellip;]
